c - 403, 4*o - 3*c = 1664. Is o a prime number?
True
Suppose 6*y = 3*y. Suppose y = 3*l - 0*l + 4*h - 2420, 0 = -h + 5. Suppose 5*o - 885 = l. Is o prime?
True
Let u = 0 + 3. Let d be 2/(-3) - (-2)/u. Suppose d = -f + 4, 6*m = 4*m - 4*f + 1182. Is m a prime number?
False
Suppose 11261 = 15*c - 18274. Is c prime?
False
Let a = -193 - -75. Let w = 393 - a. Is w prime?
False
Let h be 33*(-372)/(-6) - -1. Let w = h - 1460. Is w a composite number?
False
Let q(d) = -d**3 - 7*d**2 - 8*d + 4. Let l be q(-6). Suppose 2*f = 2*b + l, -2*b + 2 = 4*f - 0. Suppose -f*x + 109 + 149 = 0. Is x prime?
False
Let i be 2/(-4 + 8)*-34. Let c = 306 + i. Is c a composite number?
True
Let t = 44380 - 31599. Is t composite?
False
Let l be (-6 - -6) + (-23331)/(-1). Let s be 3/(-21) - l/(-49). Let o = s - 285. Is o prime?
True
Suppose 5*f + 2*g - 5 = 2*f, 3*f - 3*g - 15 = 0. Is -41*(-21 + -5 + f) prime?
False
Let a(d) = 15*d - 13*d**2 - d**3 - 9 + 30 - 3*d. Is a(-14) a composite number?
True
Let c = -29 + 31. Let j(q) = q**3 - q**2 - q - 2. Let h be j(c). Suppose -2*x + x + 451 = h. Is x composite?
True
Let p(y) = -3*y. Let q be p(-4). Suppose 2*h - q + 4 = 0. Suppose h*w = 5*w - 57. Is w prime?
False
Let h = 2299 - -160. Is h a prime number?
True
Let k = 11 + -21. Let q = 18 - 28. Is k/(-25) + (-6486)/q prime?
False
Suppose 12880 + 9612 = 4*c. Is c composite?
False
Suppose -5*j - 3*j - 8 = 0. Is (2/(-3))/(j/(-4578)*-4) prime?
False
Suppose 0 = 51*q - 102548 - 46423. Is q composite?
True
Suppose 2*y + 7 = -h, -5*h - 2*y - y = 0. Suppose 224 = c + h*c - 3*x, 3*c - 3*x - 171 = 0. Is c a composite number?
False
Let c(j) = j**3 + 7*j**2 + 6*j - 19. Let r(m) = 3*m**2 + 3*m - 10. Let b(n) = -2*c(n) + 5*r(n). Let y be b(-6). Let z = y - -425. Is z composite?
False
Suppose -82212 = -8*g + 14020. Suppose -g = -4*v - 3609. Is v a prime number?
False
Let v(c) = 273*c + 95. Is v(6) prime?
True
Suppose -3*p + 3267 + 330 = 0. Let g = 194 + 268. Let m = p - g. Is m a composite number?
True
Let b be 2*(-3)/6 + 3. Let y(o) = -5*o**3 + 4*o**2 - 33*o + 5. Let i(h) = -h**3 + h**2 - 8*h + 1. Let n(x) = b*y(x) - 9*i(x). Is n(-6) prime?
False
Suppose -5*d - 3448 = -u, -3*u - 3*d + 0*d = -10290. Is u composite?
False
Let i = 44 - 50. Is 9/i - 4675/(-2) - 3 prime?
True
Suppose -b + 2939 = -4*o, o + 686 = 2*b - 5227. Is b a composite number?
True
Let f(z) = 10903*z + 308. Is f(9) a composite number?
True
Let p(i) = -i**2 - 5*i + 2. Let m be p(-5). Suppose 7 = -m*q - 3. Is q/30 + 3580/24 composite?
False
Suppose -9*d = -2*d. Suppose d = -2*a - 2*i + 6, 3*a - 4 = 2*i - 0. Is 25/a*16/20 a prime number?
False
Suppose 2*g + 2*g = 4*n - 20, 5*g = -5*n + 15. Let x be (g + 0)/(0 + -1). Is 83/1 - (-3 + x) a prime number?
False
Suppose 2*i + 2197 = 4*p - 3*p, i = 2*p - 4403. Is p composite?
False
Let l = -121063 + 205110. Is l a composite number?
False
Let k(v) = -2 + 0 + 0*v**2 + v**2 - 2*v + 3*v. Let s be k(-6). Suppose -8*z + 4*z = -s. Is z composite?
False
Let q = 79303 + 153838. Is q a composite number?
False
Let n(z) = -370*z - 319. Is n(-14) a composite number?
False
Suppose -4 = r, -1863 = -3*o + r + 547. Let l = 0 - -2. Suppose 92 - o = -l*y. Is y a prime number?
False
Suppose -18*b + 170622 = -188280. Is b a composite number?
True
Let x be ((-12)/27)/((-12)/54). Let g(t) = -x*t + 1 + 0*t + 0*t + 0*t. Is g(-10) a prime number?
False
Is (((-70)/(-15))/(-7))/((-10)/212145) composite?
False
Let l(i) = 8*i**3 - 3*i**2 - 5*i - 4. Let k be l(5). Suppose -j + k = 4*n - 0*j, 0 = j - 4. Is n a composite number?
False
Suppose 5*s + 12 + 0 = -d, 10 = -3*d - 2*s. Is d - (-4)/4*145 a composite number?
True
Let h be (-14)/(-56) + 6/8. Suppose h = 5*m - 4. Let q(d) = 187*d**3 + d**2 - 3*d + 2. Is q(m) a prime number?
False
Suppose 6 = 3*z - 3. Suppose 0 = -0*u + 4*u + 20, q - z*u - 25 = 0. Suppose 9*g = q*g - 159. Is g composite?
True
Let s = 22230 - -13681. Is s prime?
True
Let i = -45 - -48. Suppose -i*u - 4101 = -k - u, 4*k - 16374 = 2*u. Is k a prime number?
True
Suppose -14*l + 247856 = -56490. Is l a prime number?
True
Let y be (-6 - -29)/((-1)/113). Let m = y + 4256. Is m a composite number?
False
Suppose -t + 5 = 5*u, 0 = -3*t + 4*u + u + 15. Suppose 0 = 2*q + t*r - 165, 5*q - 378 = -5*r + 4*r. Suppose 4*g - q = 4*m + m, -2*m = 6. Is g composite?
True
Let x(y) be the second derivative of -257*y**3/6 + 8*y. Let k be 7/(-5) + (-4)/(-10). Is x(k) a composite number?
False
Let j(k) = 0*k**2 + 5*k**2 - 12*k**3 - 2 + 3 - 4*k + 4*k**2. Let t be j(-8). Suppose 4*f - 6752 = w + 3*w, 0 = -4*f + 5*w + t. Is f prime?
False
Let t be (408/16)/(2/(-28)). Let b = t + 764. Is b prime?
False
Suppose -d - 2*d + 174 = 0. Suppose -r = -2*j + 44, -5*r + 24 = 34. Let l = d - j. Is l a composite number?
False
Let y = 1160 - -217. Let p = y - 681. Let q = 1243 - p. Is q a prime number?
True
Let s be 1/(-1 + (-42)/(-39)). Let l = s + -10. Suppose -5*d + x = -127, -4*x + 9*x + 63 = l*d. Is d a prime number?
False
Let p(r) = -8*r**2 - 6. Let m(o) = 8*o**2 + 7. Let x(g) = -5*m(g) - 6*p(g). Is x(-5) a composite number?
True
Is (-1 - -6) + (12 - -1124) prime?
False
Let b(v) = -3*v**3 - 25*v**2 - 9*v - 72. Is b(-13) a prime number?
True
Suppose 23*z = 74030 + 139341. Is z composite?
False
Suppose 3*z - 50239 = -4*j, 2*z = 6*z + j - 67007. Is z a prime number?
False
Suppose 5*t + 635 = 3*x, -2*t + 3*x = -0*t + 245. Let r = 321 + t. Is r a composite number?
False
Let c(t) = 9*t**3 - t**2 - 6*t - 4. Let g be c(6). Suppose -i - 3*i + g = 0. Is i a composite number?
False
Let z(r) = -3*r - 20. Suppose 5*c + 18 = -22. Let a be z(c). Is ((-6)/9)/(a/(-762)) a composite number?
False
Let a(p) = 1772*p**2 - 3*p. Let d be a(1). Suppose -g - 2*g + d = 4*h, 2*g - 5*h - 1164 = 0. Is g prime?
True
Suppose 7*z = 2*z + 1595. Suppose 3*g - z - 434 = 0. Suppose 2*l - g = l. Is l composite?
False
Let o(f) = -f**3 + f**2 + 67*f - 17. Is o(-16) composite?
True
Is (-17514)/(-7) + (7 + -3)/4 a prime number?
True
Let z(s) = -28*s + 3*s - 34*s. Let n = -1443 + 1441. Is z(n) a composite number?
True
Suppose -66*w + 97603 + 406769 = 0. Is w a composite number?
True
Suppose 62*o = 72*o - 253010. Is o a prime number?
True
Suppose 1770 = -9*g + 15099. Is g a composite number?
False
Let a be (-6)/(-24) + 94/8. Let o be (-6501)/2*(-8)/a. Suppose 3*n = -4*p + o, -2684 = -5*p - 5*n + 26. Is p a prime number?
True
Let u(o) = o**3 + o**2 + 32*o - 39. Is u(13) a prime number?
False
Suppose 0 = a - 2*j + 10, -2*j + 0 = 3*a + 6. Let z(w) = 10*w + 7*w**2 - 1 + 9*w**2 - 4*w + 2. Is z(a) composite?
False
Suppose 3*s + 6*n - 2*n - 75661 = 0, 0 = 3*n + 6. Is s composite?
True
Let n(p) = -13*p**2 - 25*p. Let k(d) = 6*d**2 + 13*d. Let l(y) = -5*k(y) - 3*n(y). Is l(-11) prime?
False
Let i = 8 + -3. Suppose 0*t - 10 = -i*t. Is (-4 - 75)*(-1 - t) a composite number?
True
Suppose v - 3*v + 336 = 0. Let t = 23 + v. Let p = t + -46. Is p a composite number?
True
Let l = 11809 + -3908. Is l a prime number?
True
Let u(r) = -84*r - 6. Let y be u(-3). Let d = y + -97. Is d a composite number?
False
Let x(l) = 4*l**2 + 6*l - 3. Let m = 34 + -39. Is x(m) prime?
True
Suppose -121330 = -33*y + 876623. Is y a composite number?
False
Let n be -6*-4*4/(-32). Is (n + 3)/(-1) - -149 a composite number?
False
Is (-222065)/230*(-1 - 21) prime?
False
Let l(q) = -308*q - 1. Let f(j) = 617*j + 3. Let k(r) = -3*f(r) - 5*l(r). Is k(-1) a prime number?
True
Is 60028 + (-2 - (-90)/10) composite?
True
Let w = 32 + -27. Suppose -4*j + 126 = k, j - 11 - 10 = w*k. Is j a composite number?
False
Let q = 71 + -94. Let j(i) = -26*i - 25. Is j(q) a prime number?
False
Let c be (0 - 2) + (-31 - -1)*2. Let l = -9 - c. Is l a composite number?
False
Suppose -77*l + 609004 = -33*l. Is l prime?
True
Let y be 3/6*12/1. Suppose -360 = -y*v + 762. Is v a composite number?
True
Let h = 2574 - 925. Is h composite?
True
Let b(g) = 624*g**2 - 6*g - 43. Is b(-9) composite?
True
Let c(u) = -u**3 - 33*u**2 - 36*u + 64. Let k be c(-32). Let p = 31 + k. Is p a prime number?
True
Suppose 1626890 = 23*p + 51*p. Is p a prime number?
False
Suppose -4*u - 587 = 869. Let b = 541 + u. Suppose 3*i + 0*i - b = 0. Is i a prime number?
True
Suppose k - 555 = -4*k + 5*u, -3*u - 101 = -k. Is k/(-6)*63/(-6) prime?
False
Let u = 6018 + 1489.